s digit of 12510?
0
What is the units digit of 7525?
5
What is the hundreds digit of 12824?
8
What is the tens digit of 295?
9
What is the units digit of 2696?
6
What is the units digit of 37?
7
What is the units digit of 1260?
0
What is the thousands digit of 71447?
1
What is the tens digit of 2360?
6
What is the units digit of 68205?
5
What is the units digit of 978?
8
What is the hundreds digit of 2385?
3
What is the hundred thousands digit of 122373?
1
What is the tens digit of 234?
3
What is the thousands digit of 14494?
4
What is the ten thousands digit of 18900?
1
What is the tens digit of 33898?
9
What is the units digit of 12654?
4
What is the hundreds digit of 803?
8
What is the tens digit of 5541?
4
What is the hundreds digit of 4516?
5
What is the ten thousands digit of 37875?
3
What is the units digit of 10201?
1
What is the ten thousands digit of 144184?
4
What is the thousands digit of 8979?
8
What is the thousands digit of 139315?
9
What is the hundreds digit of 1137?
1
What is the hundreds digit of 1091?
0
What is the units digit of 1378?
8
What is the tens digit of 3847?
4
What is the ten thousands digit of 59984?
5
What is the thousands digit of 3394?
3
What is the thousands digit of 11836?
1
What is the hundreds digit of 3712?
7
What is the hundreds digit of 82119?
1
What is the units digit of 2984?
4
What is the hundreds digit of 1075?
0
What is the hundreds digit of 3743?
7
What is the hundreds digit of 16946?
9
What is the hundreds digit of 730?
7
What is the ten thousands digit of 10831?
1
What is the tens digit of 2104?
0
What is the units digit of 3262?
2
What is the thousands digit of 24225?
4
What is the thousands digit of 1022?
1
What is the tens digit of 195?
9
What is the tens digit of 945?
4
What is the thousands digit of 2480?
2
What is the tens digit of 309?
0
What is the hundreds digit of 6283?
2
What is the thousands digit of 1082?
1
What is the hundreds digit of 34670?
6
What is the hundreds digit of 55643?
6
What is the hundreds digit of 2499?
4
What is the units digit of 53730?
0
What is the units digit of 15097?
7
What is the tens digit of 81?
8
What is the thousands digit of 7535?
7
What is the thousands digit of 12245?
2
What is the hundreds digit of 931?
9
What is the units digit of 4482?
2
What is the units digit of 52768?
8
What is the hundreds digit of 918?
9
What is the hundreds digit of 34855?
8
What is the thousands digit of 12745?
2
What is the ten thousands digit of 45987?
4
What is the hundreds digit of 6709?
7
What is the tens digit of 2222?
2
What is the units digit of 1036?
6
What is the units digit of 32326?
6
What is the units digit of 6962?
2
What is the ten thousands digit of 24399?
2
What is the tens digit of 5852?
5
What is the tens digit of 4500?
0
What is the thousands digit of 26457?
6
What is the ten thousands digit of 64446?
6
What is the tens digit of 10412?
1
What is the units digit of 397?
7
What is the hundreds digit of 15941?
9
What is the hundreds digit of 29242?
2
What is the tens digit of 57128?
2
What is the units digit of 27586?
6
What is the tens digit of 6614?
1
What is the tens digit of 46?
4
What is the thousands digit of 1252?
1
What is the units digit of 812?
2
What is the units digit of 14188?
8
What is the units digit of 35261?
1
What is the thousands digit of 22938?
2
What is the thousands digit of 5005?
5
What is the tens digit of 5403?
0
What is the tens digit of 484?
8
What is the units digit of 73319?
9
What is the units digit of 857?
7
What is the thousands digit of 5552?
5
What is the units digit of 30881?
1
What is the units digit of 75?
5
What is the tens digit of 14632?
3
What is the hundreds digit of 4389?
3
What is the hundreds digit of 3338?
3
What is the thousands digit of 11488?
1
What is the units digit of 325?
5
What is the thousands digit of 5072?
5
What is the thousands digit of 4832?
4
What is the units digit of 6905?
5
What is the units digit of 2474?
4
What is the thousands digit of 1969?
1
What is the thousands digit of 7388?
7
What is the units digit of 51241?
1
What is the hundreds digit of 436?
4
What is the thousands digit of 5155?
5
What is the ten thousands digit of 65718?
6
What is the tens digit of 3672?
7
What is the thousands digit of 2546?
2
What is the tens digit of 1189?
8
What is the thousands digit of 10562?
0
What is the hundreds digit of 39850?
8
What is the tens digit of 1059?
5
What is the thousands digit of 74067?
4
What is the tens digit of 2811?
1
What is the units digit of 957?
7
What is the hundreds digit of 10122?
1
What is the hundreds digit of 18154?
1
What is the tens digit of 27434?
3
What is the tens digit of 1383?
8
What is the tens digit of 13366?
6
What is the ten thousands digit of 38512?
3
What is the tens digit of 972?
7
What is the hundreds digit of 8528?
5
What is the hundreds digit of 9481?
4
What is the thousands digit of 9502?
9
What is the units digit of 869?
9
What is the units digit of 3361?
1
What is the units digit of 888?
8
What is the tens digit of 48601?
0
What is the tens digit of 3669?
6
What is the thousands digit of 28825?
8
What is the thousands digit of 34234?
4
What is the hundreds digit of 9096?
0
What is the tens digit of 1315?
1
What is the hundreds digit of 14728?
7
What is the hundreds digit of 27592?
5
What is the thousands digit of 1563?
1
What is the tens digit of 892?
9
What is the units digit of 1084?
4
What is the hundreds digit of 4816?
8
What is the units digit of 867?
7
What is the ten thousands digit of 45721?
4
What is the tens digit of 853?
5
What is the thousands digit of 129974?
9
What is the ten thousands digit of 93359?
9
What is the hundreds digit of 3652?
6
What is the units digit of 62540?
0
What is the tens digit of 23006?
0
What is the tens digit of 552?
5
What is the hundreds digit of 8193?
1
What is the tens digit of 1038?
3
What is the tens digit of 5259?
5
What is the tens digit of 4062?
6
What is the tens digit of 7306?
0
What is the tens digit of 652?
5
What is the hundreds digit of 3631?
6
What is the thousands digit of 26585?
6
What is the hundreds digit of 64667?
6
What is the thousands digit of 2131?
2
What is the tens digit of 345?
4
What is the hundreds digit of 7341?
3
What is the thousands digit of 13896?
3
What is the hundreds digit of 1313?
3
What is the units digit of 17648?
8
What is the thousands digit of 32767?
2
What is the hundreds digit of 384?
3
What is the tens digit of 91829?
2
What is the tens digit of 4307?
0
What is the units digit of 11578?
8
What is the hundreds digit of 16969?
9
What is the units digit of 65401?
1
What is the tens digit of 119347?
4
What is the units digit of 290?
0
What is the tens digit of 7975?
7
What is the units digit of 31471?
1
What is the thousands digit of 3879?
3
What is the units digit of 2327?
7
What is the hundreds digit of 1469?
4
What is the tens digit of 61?
6
What is the thousands digit of 8038?
8
What is the thousands digit of 27593?
7
What is the tens digit of 1612?
1
What is the tens digit of 856?
5
What is the units digit of 1209?
9
What is the tens digit of 928?
2
What is the thousands digit of 2133?
2
What is the hundreds digit of 381?
3
What is the ten thousands digit of 128982?
2
What is the ten thousands digit of 200075?
0
What is the thousands digit of 118425?
8
What is the units digit of 122009?
9
What is the units digit of 26050?
0
What is the units digit of 283?
3
What is the tens digit of 243?
4
What is the thousands digit of 22202?
2
What is the hundreds digit of 31873?
8
What is the thousands digit of 50588?
0
What is the thousands digit of 1651?
1
What is the hundreds digit of 368?
3
What is the thousands digit of 3359?
3
What is the hundreds digit of 939?
9
What is the thousands digit of 21869?
1
What is the thousands digit of 53840?
3
What is the hundreds digit of 2330?
3
What is the tens digit of 1026?
2
What is the tens digit of 12937?
3
What is the tens digit of 21615?
1
What is the units digit of 16273?
3
What is the units digit of 5795?
5
What is the thousands digit of 4572?
4
What is the hundreds digit of 5423?
4
What is the ten thousands digit of 12494?
1
What is the tens digit of 8630?
3
What is the units digit of 69218?
8
What is the tens digit of 385?
8
What i